 5*l - 74296, 3*r - l = 620714. Is r a composite number?
True
Suppose 2*m = 9*m - 35. Suppose 4*u = 4*w + 4596, 2*u + m*w = -3*u + 5725. Is u composite?
True
Suppose 16*l - 31 - 1 = 0. Is 3971 + 2 + 6 + l prime?
False
Suppose 0 = h + 3*g - 717, -g = -3*h - 0*g + 2191. Let n = h - 280. Is n a composite number?
False
Suppose -85 = -11*v - 921. Let s be (-12 + 0)/(v/(-16) + -4). Let t = 195 - s. Is t a prime number?
True
Let w = 8347846 - 5400819. Is w prime?
True
Suppose -5*u = -5*f + 9240 - 32190, u - 3*f = 4584. Let j = -7860 + 5422. Let c = u + j. Is c prime?
False
Let z be ((-32)/(-12) + -1)/((-1)/8823). Let m = -10224 - z. Is m prime?
True
Suppose -4*q + 49892 = 4*h, 42*h = 46*h + 16. Is q a composite number?
True
Let x = 139932 - -13111. Is x composite?
True
Let v be 9/6*720/(-6 + 3). Let a = v - -634. Let h = a - 191. Is h a composite number?
False
Let r = 3 - 1. Suppose 10 = 5*g + f, 5*g - f = r*f + 10. Suppose 0 = g*o - 7*o + 3365. Is o a prime number?
True
Suppose -102*a - 1726508 + 4014003 = -10667831. Is a composite?
True
Let g(j) = 2*j - 1 + 3 + 2204*j**2 - 8*j + 3*j. Let k = -113 + 114. Is g(k) composite?
False
Suppose -4*z - 3*h + 3517 + 12243 = 0, 7878 = 2*z + h. Is z/3*18/6 a prime number?
False
Let w(j) = -5*j**2 - 2*j - 3. Let t be w(-1). Let p be t + 0/(1 - -2). Let r = p - -57. Is r composite?
True
Let j = 103 + -70. Suppose -3*x - 15 + j = 0. Suppose -99 = -7*z + x. Is z a prime number?
False
Let v be 3/7 + (-4696818)/(-294). Suppose y + 18061 = 5*k, 5153 - v = -3*k + 4*y. Is k a prime number?
True
Let k(w) = 224*w**2 - 14*w - 21. Let x be k(13). Suppose x = 5*n - 2*n. Suppose -n = -2*y + 4*h - 3593, 5*y = 3*h + 22423. Is y a composite number?
True
Let f(p) = -148948*p - 315. Is f(-2) a prime number?
True
Let l = 43352 + -24763. Is l a prime number?
False
Let m = 190 - 192. Is 18506/19*(-1)/m a prime number?
True
Let w be 10/3 - (19/3 - 6). Suppose -q + 575 = -w*l - 1138, 5*q + 4*l - 8565 = 0. Is q prime?
False
Let g(a) = -4*a - 10*a**2 + 16*a**2 + 5 + 3*a - a**2 - a**3. Let d be g(5). Suppose 5*j - 1342 - 3153 = d. Is j prime?
False
Suppose 0 = 7*s + 15*s + 550. Is 24/144 + s/6 - -795 a composite number?
True
Let t = 146415 + 383848. Is t prime?
False
Let x be 34/3 + -1 + 70/105. Let m(q) = -q**3 - 2*q**2 - 8*q + 35. Let u be m(x). Is (-1)/4*-4 + -4 - u a prime number?
False
Let c(a) = 3*a**2 + 2. Suppose g - 1 = 1. Is c(g) a composite number?
True
Let k(f) = 2*f**2 + 81*f + 48353. Is k(0) prime?
True
Let c be ((-105)/7)/3 + 12939. Suppose -215*v + 213*v + c = 0. Is v a prime number?
False
Let g be (4 + 5)/((-5)/(-1465)). Let j = g + 2090. Is j a composite number?
True
Suppose 0 = -86*q - 4*q + 9072990. Is q composite?
False
Let d(j) = 176*j**2 - 38*j - 269. Is d(-6) prime?
False
Is 625132/(-6)*((-1107)/378 - 30/(-21)) composite?
True
Suppose 12*c + 4*t + 887099 = 15*c, -c + t = -295698. Is c a composite number?
False
Suppose -c = 3*v - 1379655, 5*v - 10*c + 13*c = 2299433. Is v a prime number?
True
Suppose -36*h = -39*h - 8721. Let s = h + 4438. Is s composite?
False
Let d(w) be the first derivative of w**2 + 31*w + 21. Let b be d(-14). Is (982/14 - b) + (-2)/14 a prime number?
True
Let y = 34247 + -4120. Is y composite?
True
Is -6 + (10 - 17 - -8342) a prime number?
True
Let z be (-1)/7 + 2304/(-336). Is -662*(10 + z + 7/(-2)) a prime number?
True
Suppose -12*z - 10 = -14*z. Suppose 3*h - z*k = 36, 2*h + 3*k - 29 + 5 = 0. Let f(w) = 56*w + 19. Is f(h) composite?
False
Let j be (-2 - (-54)/(-12))*-806. Suppose -m = -1, -m - 741 = -b + j. Is b prime?
True
Suppose -27*a - 142796 = -4*u - 23*a, 2*u - 71419 = -5*a. Is u a prime number?
False
Suppose -4 = c, -4*c - c - 11 = 3*y. Suppose 0 = -7*p - 6*p - 7*p. Suppose p = y*q - q - 3014. Is q a composite number?
True
Is 31453426/1278 - 4/9 prime?
True
Suppose 5*c - 136670 = 35*o - 40*o, -2*c = -5*o - 54689. Is c composite?
False
Is (-40 + -101917)/(4/(-12)) a composite number?
True
Suppose 0 = 103*q - 104*q + 2. Is (6 + -2665)*2/(-4)*q prime?
True
Suppose -5*l = 3*b - 105642 - 85292, 0 = -b + l + 63658. Is b a composite number?
True
Let d = 101 + -70. Suppose 935817 = d*n + 16*n. Is n a prime number?
False
Let z(a) = 119*a + 92. Let i be z(27). Let j = 7294 - i. Is j composite?
False
Let u = 6664 - 4073. Suppose 4*y + 3*l - u = 2*l, 2*y - 1297 = -l. Is y a composite number?
False
Suppose -3*p + 2458 = -p. Suppose -2*n = 5*m - 5302, 3011 = 4*m + 2*n - p. Let i = m - -881. Is i a composite number?
True
Suppose -3*h + n - 759 = 4*n, 4*n + 253 = -h. Let b = 444 + h. Is b a composite number?
False
Suppose -3*m - d = -1060470, d = 6*m + 287303 - 2408234. Is m prime?
True
Is ((-13659)/(-628))/((-6)/(-43096)) prime?
False
Let a = -124 + 129. Is a/((-10)/(-4926)) + -6 + 2 composite?
False
Let u be 1*(49454 + 7 + -6). Suppose 31625 = 8*t - u. Is t a prime number?
False
Let z = 39733 + -19994. Is z a prime number?
True
Let o = -7 - -94. Let z = 87 - o. Suppose g - i = 3*i + 2989, z = i + 3. Is g composite?
True
Let m = -72639 + 166048. Is m composite?
True
Suppose 70148 = 3*g + 5*q, 3*g + g - 5*q - 93589 = 0. Suppose -12*o + 74571 = g. Is o a prime number?
False
Let y = 30 + 1. Suppose -16 = y*j - 32*j. Suppose 3*l - j = 689. Is l a prime number?
False
Let f be (-12)/28 - (-34250)/14. Suppose 4*x = f + 7914. Let o = x - 264. Is o a prime number?
False
Let t = -24 - -26. Suppose t*n - 4161 = 3*d + 3043, 5*n - 18010 = 4*d. Is n a prime number?
False
Let k = 922 - 593. Is k prime?
False
Is (-2177984)/(-12) + 2 - (-490)/(-294) composite?
False
Let b(g) = -g**2 + 16*g - 26. Let f be b(15). Is 5 + -1*(-11)/(f/(-1896)) a composite number?
False
Suppose -9 = -7*p + 4*p. Suppose -6865 = -p*a + 4*h, 18*h - 15*h = -a + 2297. Is a a composite number?
True
Suppose 4*o = -3*u - 3, 2*o + 1 = -3*u - 8. Let g be o*(3 - (-33)/(-9)). Is (-824)/g*(-18)/(-24) a composite number?
True
Is 6/((-12)/(-14194)) - 6/(-5)*5 composite?
False
Let u(z) = 15*z**2 + 10*z - 54. Let s(k) = -k**2 - k. Let c(i) = -6*i**2 - 24*i - 2. Let t(p) = c(p) - 5*s(p). Let v be t(-18). Is u(v) a prime number?
False
Let j be (10/(-4) + 2)*30. Suppose -3*b + b = -3*v + 433, -2*v = 6. Let t = j - b. Is t a composite number?
True
Let p(y) = 24583*y + 27. Is p(2) composite?
False
Let s = 208 + -642. Let m = 813 + s. Is m composite?
False
Suppose 6*a - a - 5*p = 2508525, 5*a + 5*p = 2508565. Is a composite?
True
Suppose 0 = 3*y - 2*c - 156838, 4*y + 23490 = 3*c + 232606. Is y a prime number?
False
Let r(l) = l**2 + 2. Let z(h) = 13*h**2 - 8*h - 99. Let s(b) = -r(b) + z(b). Is s(-26) a composite number?
False
Suppose 18*l = -19*l + 11729. Suppose -4*u + 4905 = l. Is u a prime number?
False
Let f(w) = -223*w**3 + 32*w**2 + 91*w - 51. Is f(-11) prime?
False
Suppose 0 = -6*n + 2*n + 3*f + 15, -5*n + 3*f = -15. Let w(h) = -h**3 - 5*h**2 + 2*h + 12. Let i be w(-5). Is 697/(n - (i - 3)) a composite number?
True
Let m(j) = -4*j - 14. Let x be m(-6). Let u be (1*-2)/(x/(-10)). Suppose i + 1 + 1 = 0, -u*y + i + 1164 = 0. Is y prime?
False
Let w(x) = 65*x**2 - 64*x**2 + 4*x**3 - 3*x - 3*x**3 + 1939. Let z be 0*(0 + (-2)/(-4)). Is w(z) a composite number?
True
Let z(c) = -344*c - 23. Let l = 136 + -134. Let h = -8 + l. Is z(h) prime?
False
Suppose -3*d = 5*g - 5488, -5*d + 3337 = -5*g - 5783. Let y = 3187 - d. Is y composite?
False
Let h(v) = -v**3 + 14*v**2 - v - 19. Let d be 6/(120/185)*4. Let r = d - 25. Is h(r) prime?
True
Suppose -16*t = t + 102. Is (253/(-3))/((-76)/12 - t) a prime number?
False
Let p(q) = 7127*q - 4875. Is p(44) a prime number?
True
Let v(m) = -2*m**3 + 3*m**2 - 3*m + 20. Let u be v(3). Is 3592/u*-10*(-34)/(-10) prime?
False
Suppose -85*s = -3194729 - 3975747 - 6611169. Is s a prime number?
False
Let o(d) = 81*d**2 + 59*d - 321. Is o(22) composite?
True
Let d(x) = -x**2 - 15*x + 13. Let a(g) = g**2 + g - 16. Let b be a(0). Let s be d(b). Is 2 + 46 + s/(-1) a composite number?
True
Suppose -9*y + 34 = -8*y. Let w = 19 + y. Let m = 252 - w. Is m prime?
True
Suppose 49*p = -3*t + 54*p + 442312, 0 = t + 2*p - 147463. Is t a prime number?
True
Suppose 0 = 4*s - 5*h - 606354, 4*h + 341590 = 2*s + 38416. Is s prime?
False
Suppose -2 + 7 = 5*y. Let c(w) be the second derivative of 334*w**3/3 + 5*w**2/2 - 48*w + 2. Is c(y) prime?
True
